+ g. List the prime factors of h.
2
Let k be 0/(-1 + 2 + -3). Suppose -3*y + 103 - 31 = k. List the prime factors of y.
2, 3
Let p = -197 - -297. List the prime factors of p.
2, 5
Suppose 0 = 4*p - 13 + 1. Suppose -5*o + 3*o - 5*g = -18, 16 = 4*g. List the prime factors of p - 2 - (-4 - o).
2
What are the prime factors of ((0 - -3) + -33)/(-1)?
2, 3, 5
List the prime factors of ((-105)/14)/((-2)/8).
2, 3, 5
What are the prime factors of (-3190)/(-15) + 2/6?
3, 71
Let j = 171 + -103. What are the prime factors of j?
2, 17
Let l(j) = j**2 + 3*j + 2. List the prime factors of l(3).
2, 5
Suppose 0 = -3*t - 3*m - 12, -4*t + m + 0*m = 1. Let l be (t/(-2))/((-3)/(-36)). Let a = l - 2. List the prime factors of a.
2
Suppose z + 1 = -22. Let a = 3 - z. What are the prime factors of a?
2, 13
Let f(s) be the third derivative of s**6/120 - s**5/12 - 5*s**4/12 - s**3/2 - 3*s**2. What are the prime factors of f(7)?
5
List the prime factors of ((-3)/18*-3)/(3/450).
3, 5
Suppose -2*m = -3*n - 86, 5*n = -m + 4*m - 144. List the prime factors of 6/n - (-256)/5.
3, 17
Suppose -15 = -4*h - h + 3*j, 0 = j. Suppose 4*y - 3 - 5 = h*b, 40 = 5*b + 4*y. What are the prime factors of b?
2
Suppose -5*v + v - 576 = 0. Let f be ((-1)/(-2))/((-6)/v). List the prime factors of f/(-8)*(-40)/6.
2, 5
Suppose -17*g + 8*g = -702. List the prime factors of g.
2, 3, 13
Let t(n) = n**3 + n**2 - n + 2. Let s(z) = 5*z**2 + 1. Let b be s(-1). Suppose 2*g = -4*r - 12, -3*g + 3*r - r + b = 0. What are the prime factors of t(g)?
2
Suppose g + 5*w - 58 = 0, -5*g = -g + 5*w - 292. What are the prime factors of g?
2, 3, 13
Suppose j = 3*b + 63, b + j = 2*b + 21. Let x = -17 - b. List the prime factors of x.
2
Let c = -30 - -77. List the prime factors of c.
47
Suppose -123 = -d + 2*d. Let b = -85 - d. List the prime factors of b.
2, 19
What are the prime factors of (-106 - 1)*6/(-6)?
107
Let t(j) = j**2 + j - 1. Suppose g - 6*b = -4*b - 4, 5*b = 3*g + 8. Let p(z) = -3*z**2 - 5*z + 2. Let w(c) = g*t(c) + p(c). List the prime factors of w(5).
2, 3
Suppose -5*h - 45 = 5. Let t = h - -6. Let v(j) = j**3 + 5*j**2 + 4*j + 3. List the prime factors of v(t).
3
Suppose 3*k - 2*k - 39 = 0. Suppose -r = 2*r - k. What are the prime factors of r?
13
Suppose 3*t - 132 = -30. What are the prime factors of t?
2, 17
Let f(i) = 4*i - 2. Suppose -5*t - 2*p = -3*p - 36, -2*t + 15 = -p. List the prime factors of f(t).
2, 13
Let u(n) = 13*n**2 - 1. Let f be u(1). Suppose 3 + f = s. List the prime factors of s.
3, 5
Let l(f) = 14 + 3*f + 7 - 4*f. What are the prime factors of l(15)?
2, 3
Let j = 35 - -2. List the prime factors of j + (1 - -2)/3.
2, 19
Suppose -2*x + 7*x = -3*v + 67, 24 = 2*x + 4*v. Suppose 2*t - x = -6. List the prime factors of 61/9 + t/18.
7
What are the prime factors of (-37)/4*(-7 - -3)?
37
Let w(r) = 2 + 6*r + 2*r**3 - r**3 - 8*r**2 + r**2. Suppose -3*y + 5 = -13. List the prime factors of w(y).
2
Let g be (2 + -1)/(2/(-10)). Let t = -3 - g. Suppose -3*l + 2*h + 2 = 0, -5*l + 3*h = -l - t. What are the prime factors of l?
2
Let p(y) = 2*y**2 + 3*y + 2. What are the prime factors of p(-5)?
37
Let r = 290 + -163. What are the prime factors of r?
127
Let u(o) = 0 + o**2 - 6 - 6*o + 2 - 2. List the prime factors of u(8).
2, 5
Suppose -3 = v - 0. Let j = 6 + v. Let q(u) = 3*u + 1. What are the prime factors of q(j)?
2, 5
Let t = 0 + 46. List the prime factors of t.
2, 23
Let j be 2/(-2) + 6 - 0. Let z = -1 + j. What are the prime factors of z?
2
Let h(r) = -5*r + 3. Let d(l) = -l**2 + 5*l + 2. Let p be d(6). Let w be h(p). Suppose -2*x - a + 4 = -5, 3*a + w = 4*x. What are the prime factors of x?
5
Let k = 37 + -13. List the prime factors of k.
2, 3
What are the prime factors of 8 - 5 - (-1 - -1)?
3
Suppose 3*p = -0*p + 18. Suppose p - 2 = 2*c. Suppose 4*m - 49 = -3*u, -6*m + c*m + 4*u + 28 = 0. List the prime factors of m.
2, 5
Suppose -5*m - 5 = 4*x - 24, -m = 4*x - 7. Let a = x - -2. What are the prime factors of a?
3
Let z = -218 - -322. List the prime factors of z.
2, 13
Suppose 5*g + 2*j - j + 22 = 0, -4 = 2*g - 2*j. Let d = 7 + g. Suppose -d*s + 30 = -0*s. List the prime factors of s.
2, 5
What are the prime factors of 6/(-9) - (-357)/9?
3, 13
Suppose 6*r = 245 + 1273. List the prime factors of r.
11, 23
List the prime factors of ((-223)/(-2))/(13/26).
223
Suppose -22 + 86 = 4*v. Suppose -b + 2*g + 5 + v = 0, -2*b - 5*g = -6. Suppose -4*j - 1 + b = 0. List the prime factors of j.
3
Let q be 4/10 + (-2)/5. Suppose 0 = u - 2 - q. Suppose -3*o + 12 = k - 7*o, 4*k - u*o - 20 = 0. What are the prime factors of k?
2
Suppose -8*z = -40 - 8. What are the prime factors of z?
2, 3
Let x = 299 - 163. Let i be (-2 + 0/(-2))*1. What are the prime factors of (x/(-12))/(i/3)?
17
List the prime factors of -4 + 1/(2/574).
283
Suppose 72 = -0*m + 4*m. List the prime factors of 8/(-1 + 22/m).
2, 3
Suppose 5*y = -5*v + 10, 0 = v - 3*y - 18. Suppose -2*t + t = -v. List the prime factors of t.
2, 3
Suppose 155 = 3*j + 62. List the prime factors of j.
31
Suppose -4*r + 10 = r. Let z = r - 0. What are the prime factors of z?
2
What are the prime factors of 1/(666/166 - 4)?
83
Let z be 16/56 - (-12)/7. Suppose g = -g + z. What are the prime factors of (g - 2)/((-3)/45)?
3, 5
Let h(r) = -9*r - 11. Let x be ((-10)/(-8))/((-8)/32). What are the prime factors of h(x)?
2, 17
List the prime factors of (-5 + 11)*2*3.
2, 3
Let v(z) = 4 - 8 + 8*z - 19*z + 9*z. Let p = 7 - 12. What are the prime factors of v(p)?
2, 3
Let b(d) = -d + 1. Let p(h) = -23*h + 3. Let t(k) = -2*b(k) + p(k). Let v be t(1). Let l = v - -37. What are the prime factors of l?
17
Let p(t) = -2*t**3 - 5*t**2 - 5*t - 2. Let x be (-40)/16 + (-2)/4. What are the prime factors of p(x)?
2, 11
Let y = 22 + 32. Suppose 2*a - y = -0*a. What are the prime factors of a?
3
Suppose 3*r - 4*u - 22 = 34, -5*r = 2*u - 50. Suppose 0 = 2*m - q - 8, -2*m = m + 5*q - r. Suppose -24 = -m*s + 16. List the prime factors of s.
2, 5
Let w = 25 - 13. Let a be 44/w + (-2)/(-6). List the prime factors of (a/3)/(4/36).
2, 3
Let u(b) = 13*b**2 + b. Let n be u(1). Suppose -1 = -f + n. Let m = f + 0. List the prime factors of m.
3, 5
Let i = 39 - 58. Let f = i + 44. List the prime factors of f.
5
Suppose 3*r = 4*p - 38, 2*r + 0*r = 4. What are the prime factors of p?
11
Suppose -5*y - 66 + 8 = -2*p, -5*y = -5*p + 115. List the prime factors of p.
19
Let v(n) = 6*n + 1. Let p be 3/(-2*(-3)/(-6)). Let s be v(p). Let o = s - -26. List the prime factors of o.
3
Let r(n) = -5*n - 4. Let a be r(-3). Let b = a + -4. What are the prime factors of b?
7
Let x be -2 - -1 - (-4 - -2). Let b be (-3)/(x + -2) + 1. Suppose 34 = 3*h + 2*h + 2*l, b*h - 14 = 5*l. List the prime factors of h.
2, 3
Suppose 41 - 1 = -4*r. Let m = 0 + -15. Let d = r - m. What are the prime factors of d?
5
Let l(b) = 26*b - 2. What are the prime factors of l(1)?
2, 3
Suppose -2*j - 3*f + 244 = 0, 488 = -4*j + 8*j + 5*f. List the prime factors of j.
2, 61
Let b(s) = -s**3 + 4*s**2 - s + 1. Let k be (-6)/(-18) - 11/(-3). Let o = k + -1. List the prime factors of b(o).
7
Suppose 172 = -5*w + 642. What are the prime factors of w?
2, 47
What are the prime factors of ((-15)/2)/((-9)/96)?
2, 5
Suppose -14 = -4*q - 2*a, -2 = -3*q - 4*a + 1. Suppose 4*o - q*o + 13 = 0. What are the prime factors of o?
13
Let t(l) = -39*l + 2. What are the prime factors of t(-1)?
41
Let g(f) = -f**2 + 8*f + 13. Let o be 6*(1 - 3/(-6)). Let h be g(o). Suppose -h*z + 66 = 18. What are the prime factors of z?
2, 3
Let n(x) = x**3 + 8*x**2 - 3*x - 11. List the prime factors of n(-7).
59
Let i = 9 + -12. Let f(r) = -14*r - 1. Let y be f(i). Suppose 4*s - y - 27 = 0. What are the prime factors of s?
17
Suppose 0 = m + 4*m - 25. Suppose 5*q - m = 25. What are the prime factors of q?
2, 3
Let x(s) = -14*s**3 + s**2 + s - 3. List the prime factors of x(-2).
3, 37
Let h(b) = 3*b**2 - b + 5. List the prime factors of h(3).
29
Suppose -2*s + 8 = 5*y - 40, 4*y - 37 = -3*s. What are the prime factors of 56/y + (-4)/(-10)?
2, 3
Let o be 12/(-8)*(-74)/3. Suppose -o = -m + 17. List the prime factors of m.
2, 3
Let g = 6 + -5. Let w = -7 + g. List the prime factors of 2/(-12) - 67/w.
11
Let i(a) = a**2 + 6*a + 7. Let o be i(-5). Let f be 1 - (-12 - (-1 + o)). Let d